7, 547
List the prime factors of 787076.
2, 196769
What are the prime factors of 693858?
2, 3, 11, 10513
List the prime factors of 10734794.
2, 7, 751, 1021
List the prime factors of 963829.
47, 20507
List the prime factors of 208955.
5, 23, 79
List the prime factors of 281304.
2, 3, 3907
List the prime factors of 2977452.
2, 3, 19, 1451
What are the prime factors of 4178207?
11, 379837
What are the prime factors of 59878?
2, 7, 13, 47
List the prime factors of 25711402.
2, 97, 132533
List the prime factors of 15276440.
2, 5, 381911
What are the prime factors of 632463?
3, 13, 16217
List the prime factors of 268285.
5, 53657
List the prime factors of 421191.
3, 53, 883
What are the prime factors of 422462?
2, 211231
What are the prime factors of 144744?
2, 3, 37, 163
List the prime factors of 16897620.
2, 3, 5, 281627
List the prime factors of 128539.
173, 743
List the prime factors of 2292704.
2, 71647
What are the prime factors of 3627911?
7, 1511
List the prime factors of 3122820.
2, 3, 5, 5783
What are the prime factors of 1165105?
5, 233021
What are the prime factors of 11728605?
3, 5, 7, 19, 5879
List the prime factors of 2520993.
3, 840331
What are the prime factors of 11378115?
3, 5, 7, 41, 881
What are the prime factors of 743887?
479, 1553
List the prime factors of 71549.
71549
What are the prime factors of 130764?
2, 3, 17, 641
What are the prime factors of 173478?
2, 3, 29, 997
What are the prime factors of 41008?
2, 11, 233
List the prime factors of 1522400.
2, 5, 11, 173
List the prime factors of 12764366.
2, 41, 155663
What are the prime factors of 1466390?
2, 5, 146639
List the prime factors of 27770748.
2, 3, 29, 79801
What are the prime factors of 2155267?
2155267
What are the prime factors of 3614970?
2, 3, 5, 41, 2939
List the prime factors of 1827831.
3, 609277
List the prime factors of 108489.
3, 29, 43
What are the prime factors of 2512108?
2, 659, 953
List the prime factors of 274088.
2, 34261
What are the prime factors of 5435769?
3, 1811923
What are the prime factors of 1009282?
2, 173, 2917
List the prime factors of 20484603.
3, 19, 73, 547
List the prime factors of 229984.
2, 7187
What are the prime factors of 43480?
2, 5, 1087
List the prime factors of 6451.
6451
What are the prime factors of 15889596?
2, 3, 23, 57571
List the prime factors of 34678.
2, 7, 2477
What are the prime factors of 240856?
2, 7, 11, 17, 23
List the prime factors of 4277693.
7, 17, 103, 349
List the prime factors of 9219642.
2, 3, 23, 66809
List the prime factors of 10686600.
2, 3, 5, 1979
List the prime factors of 590839.
590839
List the prime factors of 271352.
2, 107, 317
List the prime factors of 59646.
2, 3, 9941
List the prime factors of 172760.
2, 5, 7, 617
List the prime factors of 3934183.
11, 357653
List the prime factors of 137850.
2, 3, 5, 919
What are the prime factors of 809893?
7, 37, 53, 59
What are the prime factors of 542126?
2, 13, 29, 719
List the prime factors of 190844.
2, 47711
List the prime factors of 183502.
2, 11, 19, 439
What are the prime factors of 24026910?
2, 3, 5, 800897
What are the prime factors of 1119018?
2, 3, 421, 443
List the prime factors of 425322.
2, 3, 23629
What are the prime factors of 889690?
2, 5, 88969
List the prime factors of 2094496.
2, 29, 37, 61
List the prime factors of 12290645.
5, 73, 151, 223
List the prime factors of 21396.
2, 3, 1783
List the prime factors of 2199845.
5, 439969
List the prime factors of 14427355.
5, 29, 47, 73
What are the prime factors of 820466?
2, 410233
List the prime factors of 8803467.
3, 17, 163, 353
List the prime factors of 2398686.
2, 3, 399781
List the prime factors of 3868368.
2, 3, 7, 29, 397
What are the prime factors of 1473905?
5, 294781
What are the prime factors of 7113046?
2, 3556523
What are the prime factors of 2871878?
2, 17, 84467
List the prime factors of 202559.
7, 19, 1523
List the prime factors of 174421.
13, 13417
List the prime factors of 21904177.
17, 75793
List the prime factors of 506711.
19, 26669
List the prime factors of 168248.
2, 21031
What are the prime factors of 4731842?
2, 2365921
List the prime factors of 61019.
7, 23, 379
What are the prime factors of 10809808?
2, 29, 23297
What are the prime factors of 907551?
3, 33613
List the prime factors of 118917.
3, 73, 181
What are the prime factors of 3476798?
2, 13, 133723
What are the prime factors of 1008483?
3, 7, 48023
What are the prime factors of 4149293?
59, 70327
List the prime factors of 125500.
2, 5, 251
What are the prime factors of 10459845?
3, 5, 11, 17, 113
What are the prime factors of 837991?
7, 11, 10883
List the prime factors of 345942.
2, 3, 19219
List the prime factors of 9012799.
73, 331, 373
What are the prime factors of 4781980?
2, 5, 7, 34157
List the prime factors of 1050899.
1050899
List the prime factors of 7419453.
3, 83, 359
List the prime factors of 4873853.
47, 103699
List the prime factors of 3815890.
2, 5, 13, 149, 197
List the prime factors of 45409.
7, 13, 499
What are the prime factors of 10795323?
3, 7, 11, 17, 2749
List the prime factors of 13229073.
3, 11, 13, 19, 541
What are the prime factors of 7946404?
2, 1986601
What are the prime factors of 3969111?
3, 1109, 1193
What are the prime factors of 1933497?
3, 19, 3769
List the prime factors of 1099788.
2, 3, 37, 2477
List the prime factors of 6657562.
2, 19, 9221
What are the prime factors of 169741?
11, 13, 1187
What are the prime factors of 2807290?
2, 5, 280729
List the prime factors of 118424.
2, 113, 131
What are the prime factors of 17767244?
2, 11, 17, 23753
What are the prime factors of 420959?
7, 11, 71
What are the prime factors of 529131?
3, 19, 9283
What are the prime factors of 279297?
3, 31033
List the prime factors of 279630.
2, 3, 5, 13, 239
What are the prime factors of 4694580?
2, 3, 5, 11, 2371
What are the prime factors of 210163?
29, 7247
What are the prime factors of 1272370?
2, 5, 11, 43, 269
What are the prime factors of 8219?
8219
List the prime factors of 620197.
620197
List the prime factors of 1157016.
2, 3, 7, 71, 97
List the prime factors of 1629480.
2, 3, 5, 37, 367
What are the prime factors of 8234342?
2, 4117171
What are the prime factors of 1067751?
3, 29, 4091
List the prime factors of 3710242.
2, 113, 16417
List the prime factors of 55406.
2, 13, 2131
List the prime factors of 179446.
2, 23, 47, 83
List the prime factors of 7839074.
2, 17, 230561
List the prime factors of 436983.
3, 145661
What are the prime factors of 613422?
2, 3, 53, 643
What are the prime factors of 534239?
487, 1097
What are the prime factors of 813445?
5, 37, 4397
List the prime factors of 3460188.
2, 3, 288349
List the prime factors of 280986.
2, 3, 46831
List the prime factors of 809206.
2, 271, 1493
List the prime factors of 93123.
3, 3449
What are the prime factors of 2200247?
7, 83, 541
List the prime factors of 10968291.
3, 45137
What are the prime factors of 721098?
2, 3, 7, 59, 97
List the prime factors of 825511.
283, 2917
What are the prime factors of 23866674?
2, 3, 13, 17, 41, 439
List the prime factors of 343673.
11, 157, 199
List the prime factors of 782252.
2, 269, 727
List the prime factors of 3129002.
2, 1564501
What are the prime factors of 69079?
37, 1867
What are the prime factors of 46293?
3, 13, 1187
What are the prime factors of 8375049?
3, 310187
What are the prime factors of 84764?
2, 21191
List the prime factors of 248598.
2, 3, 7, 1973
What are the prime factors of 129412?
2, 32353
List the prime factors of 727995.
3, 5, 48533
What are the prime factors of 539534?
2, 23, 37, 317
List the prime factors of 211589.
7, 167, 181
What are the prime factors of 419463?
3, 11, 19, 223
List the prime factors of 10410114.
2, 3, 11, 13, 1103
What are the prime factors of 177937?
61, 2917
What are the prime factors of 6555234?
2, 3, 7, 17, 9181
List the prime factors of 180306.
2, 3, 7, 53
What are the prime factors of 674669?
674669
What are the prime factors of 24223956?
2, 3, 2018663
List the prime factors of 5235730.
2, 5, 523573
What are the prime factors of 4549114?
2, 29, 41, 1913
What are the prime factors of 404801?
367, 1103
List the prime factors of 1692502.
2, 7, 53, 2281
List the prime factors of 141560.
2, 5, 3539
List the prime factors of 7209142.
